What is the ten millions digit of 452399031?
5
What is the ten millions digit of 1160281321?
6
What is the tens digit of 38599077?
7
What is the millions digit of 381048845?
1
What is the hundred millions digit of 551119474?
5
What is the tens digit of 106938237?
3
What is the hundreds digit of 1566185520?
5
What is the tens digit of 145847216?
1
What is the tens digit of 67390542?
4
What is the hundred thousands digit of 34129875?
1
What is the ten millions digit of 2983907300?
8
What is the thousands digit of 326978768?
8
What is the hundreds digit of 9310865?
8
What is the hundreds digit of 1055456702?
7
What is the hundred thousands digit of 57255064?
2
What is the hundred thousands digit of 8915971?
9
What is the units digit of 613064560?
0
What is the millions digit of 474898724?
4
What is the ten millions digit of 552503869?
5
What is the ten millions digit of 3630206268?
3
What is the ten thousands digit of 15372467?
7
What is the hundred millions digit of 1026091060?
0
What is the hundred millions digit of 128050280?
1
What is the hundred thousands digit of 1367962?
3
What is the hundreds digit of 335314433?
4
What is the hundreds digit of 1064402825?
8
What is the units digit of 7867778552?
2
What is the hundred thousands digit of 39037015?
0
What is the millions digit of 3333396422?
3
What is the hundreds digit of 475027754?
7
What is the hundreds digit of 1098179?
1
What is the hundreds digit of 49800177?
1
What is the units digit of 471172126?
6
What is the millions digit of 1116087500?
6
What is the millions digit of 55554625?
5
What is the units digit of 415187858?
8
What is the hundreds digit of 547005982?
9
What is the hundreds digit of 11565118?
1
What is the ten millions digit of 52901474?
5
What is the millions digit of 242537466?
2
What is the hundred thousands digit of 3405813144?
8
What is the thousands digit of 28642765?
2
What is the ten millions digit of 49384860?
4
What is the ten thousands digit of 307446579?
4
What is the ten millions digit of 807395475?
0
What is the millions digit of 2151850572?
1
What is the hundreds digit of 2952959364?
3
What is the hundreds digit of 805112025?
0
What is the tens digit of 274505056?
5
What is the thousands digit of 84267292?
7
What is the ten millions digit of 217543682?
1
What is the units digit of 42216354?
4
What is the hundreds digit of 2056288525?
5
What is the units digit of 73120930?
0
What is the tens digit of 988824336?
3
What is the tens digit of 179654679?
7
What is the billions digit of 1135061427?
1
What is the tens digit of 23779345?
4
What is the ten millions digit of 45631538?
4
What is the millions digit of 30623197?
0
What is the tens digit of 51157975?
7
What is the units digit of 5814833988?
8
What is the units digit of 298205868?
8
What is the ten millions digit of 930242170?
3
What is the thousands digit of 1379339191?
9
What is the units digit of 41795330?
0
What is the millions digit of 102170917?
2
What is the ten millions digit of 4643671757?
4
What is the hundred millions digit of 2612055765?
6
What is the ten thousands digit of 3923803680?
0
What is the hundred thousands digit of 84614958?
6
What is the millions digit of 979201322?
9
What is the millions digit of 355335804?
5
What is the ten millions digit of 2603735043?
0
What is the millions digit of 52212615?
2
What is the ten millions digit of 24788462?
2
What is the hundred millions digit of 265937547?
2
What is the ten thousands digit of 4531093774?
9
What is the ten thousands digit of 7732510235?
1
What is the thousands digit of 14996132?
6
What is the hundred millions digit of 185706753?
1
What is the ten thousands digit of 1508129634?
2
What is the tens digit of 80484887?
8
What is the billions digit of 1049573081?
1
What is the tens digit of 520292070?
7
What is the tens digit of 209944721?
2
What is the hundred millions digit of 942250479?
9
What is the tens digit of 5751992900?
0
What is the millions digit of 18413773?
8
What is the ten thousands digit of 29717854?
1
What is the hundreds digit of 665444021?
0
What is the hundred thousands digit of 614198540?
1
What is the hundreds digit of 928296365?
3
What is the millions digit of 47100547?
7
What is the hundred millions digit of 1741523380?
7
What is the thousands digit of 150613775?
3
What is the hundred millions digit of 318707401?
3
What is the tens digit of 1598704006?
0
What is the thousands digit of 1003885670?
5
What is the ten millions digit of 174160778?
7
What is the hundred thousands digit of 622690517?
6
What is the hundreds digit of 81672293?
2
What is the tens digit of 2643661?
6
What is the tens digit of 770999949?
4
What is the thousands digit of 94928881?
8
What is the hundred thousands digit of 7114154538?
1
What is the hundreds digit of 390594617?
6
What is the tens digit of 106402079?
7
What is the thousands digit of 4026670?
6
What is the tens digit of 326314761?
6
What is the hundred thousands digit of 678290230?
2
What is the units digit of 74443596?
6
What is the tens digit of 35489640?
4
What is the hundreds digit of 367294757?
7
What is the units digit of 280889607?
7
What is the ten thousands digit of 6477384376?
8
What is the units digit of 279535678?
8
What is the tens digit of 320949804?
0
What is the hundreds digit of 142878990?
9
What is the ten thousands digit of 365199670?
9
What is the ten thousands digit of 5938665?
3
What is the tens digit of 31334996?
9
What is the ten thousands digit of 55069036?
6
What is the millions digit of 430374667?
0
What is the hundred thousands digit of 4888902?
8
What is the tens digit of 63491813?
1
What is the billions digit of 5787108458?
5
What is the millions digit of 876886579?
6
What is the thousands digit of 19763678?
3
What is the ten millions digit of 877209393?
7
What is the millions digit of 393251015?
3
What is the hundred thousands digit of 1104147416?
1
What is the units digit of 40258299?
9
What is the hundreds digit of 447138224?
2
What is the ten millions digit of 1563982420?
6
What is the units digit of 2229441247?
7
What is the tens digit of 1381012056?
5
What is the tens digit of 363050707?
0
What is the hundred millions digit of 6595316088?
5
What is the units digit of 94557490?
0
What is the hundreds digit of 108053202?
2
What is the hundreds digit of 515094189?
1
What is the ten thousands digit of 113763261?
6
What is the hundreds digit of 20579482?
4
What is the millions digit of 895810315?
5
What is the thousands digit of 1000878595?
8
What is the ten thousands digit of 20528954?
2
What is the ten thousands digit of 74035550?
3
What is the ten millions digit of 24974334?
2
What is the ten millions digit of 652611292?
5
What is the thousands digit of 1110344141?
4
What is the units digit of 2386727897?
7
What is the hundred millions digit of 2705266244?
7
What is the hundreds digit of 3463529312?
3
What is the hundred millions digit of 531400459?
5
What is the hundred thousands digit of 1942336915?
3
What is the tens digit of 237228229?
2
What is the hundred millions digit of 226904861?
2
What is the hundred thousands digit of 49518351?
5
What is the ten millions digit of 325268504?
2
What is the millions digit of 24364024?
4
What is the thousands digit of 4183822528?
2
What is the hundreds digit of 620992650?
6
What is the billions digit of 3924446544?
3
What is the ten millions digit of 10988012?
1
What is the units digit of 91769805?
5
What is the billions digit of 2247462451?
2
What is the ten millions digit of 174180174?
7
What is the ten millions digit of 3277425736?
7
What is the tens digit of 666592887?
8
What is the thousands digit of 437378289?
8
What is the hundreds digit of 523463814?
8
What is the tens digit of 1925138225?
2
What is the ten thousands digit of 4801840862?
4
What is the hundreds digit of 10167390?
3
What is the millions digit of 101387348?
1
What is the ten millions digit of 3610913201?
1
What is the thousands digit of 5828078?
8
What is the hundreds digit of 193135145?
1
What is the ten thousands digit of 33256357?
5
What is the millions digit of 181121875?
1
What is the ten millions digit of 1678269493?
7
What is the millions digit of 87597504?
7
What is the tens digit of 26827472?
7
What is the tens digit of 30